s 1733793 a composite number?
True
Is 9500579 composite?
True
Is 22545013 a composite number?
False
Is 8594263 a prime number?
True
Is 12812963 composite?
False
Is 1116805 a composite number?
True
Is 60032383 prime?
False
Is 72607 a composite number?
True
Is 6309671 a prime number?
True
Is 42687173 prime?
True
Is 36248477 prime?
False
Is 295492741 a prime number?
True
Is 4201882 a composite number?
True
Is 15815801 composite?
False
Is 8921981 a composite number?
True
Is 1143031 a composite number?
True
Is 813583 composite?
False
Is 2365721 a composite number?
False
Is 40544627 a composite number?
False
Is 115357961 composite?
True
Is 111761569 prime?
True
Is 1751011 composite?
False
Is 11741347 a prime number?
False
Is 61159363 a prime number?
True
Is 1001057 a composite number?
True
Is 4818617 a composite number?
False
Is 29844721 a prime number?
True
Is 82649599 prime?
True
Is 35519867 composite?
True
Is 1672515509 prime?
False
Is 20213047 a composite number?
False
Is 936473 a prime number?
False
Is 397051 composite?
False
Is 167759663 composite?
False
Is 4110401 a composite number?
False
Is 58271 prime?
True
Is 61924607 a prime number?
False
Is 1516999 a prime number?
False
Is 1789681 composite?
False
Is 62020421 a composite number?
False
Is 15684535 a prime number?
False
Is 32881547 prime?
True
Is 38839 a prime number?
True
Is 86058037 composite?
True
Is 3517937 a composite number?
False
Is 9120533 a composite number?
False
Is 91526213 a composite number?
True
Is 8503 composite?
True
Is 50319197 prime?
True
Is 24436859 composite?
True
Is 3718603 prime?
False
Is 1894163 composite?
False
Is 940949 composite?
False
Is 1027951 composite?
True
Is 2313929 composite?
False
Is 1495261 a composite number?
False
Is 20200729 a prime number?
True
Is 38566553 a composite number?
False
Is 5483333 prime?
False
Is 24970499 a prime number?
True
Is 163776839 a composite number?
False
Is 2497219 prime?
False
Is 381221 a prime number?
True
Is 2580631 a prime number?
True
Is 11615237 a prime number?
True
Is 28038149 prime?
False
Is 24862207 a composite number?
False
Is 6217723 prime?
False
Is 3844861 prime?
True
Is 446830933 composite?
False
Is 2204891 composite?
True
Is 91331153 prime?
True
Is 11402383 composite?
True
Is 60220009 composite?
True
Is 49032721 a prime number?
True
Is 345626393 prime?
False
Is 6176195 prime?
False
Is 11914937 prime?
False
Is 104829119 composite?
False
Is 20143447 a prime number?
False
Is 13464961 composite?
True
Is 382801 a composite number?
False
Is 1465817 a prime number?
False
Is 48567091 a composite number?
True
Is 4567793 prime?
True
Is 53726489 prime?
True
Is 2150777 prime?
True
Is 29342309 composite?
False
Is 28499035 a composite number?
True
Is 8184971 a prime number?
True
Is 18909673 a composite number?
False
Is 13642987 composite?
False
Is 979831 composite?
False
Is 28027173 prime?
False
Is 75197299 composite?
False
Is 2009693 prime?
False
Is 11317651 composite?
False
Is 47742767 a composite number?
False
Is 140538733 a prime number?
True
Is 1398079 composite?
False
Is 204341 composite?
True
Is 450493 a prime number?
True
Is 2217443 a prime number?
True
Is 13455979 a composite number?
False
Is 4139741 prime?
True
Is 189635363 prime?
False
Is 139117247 a prime number?
False
Is 11322953 prime?
True
Is 126913 a prime number?
True
Is 225371 a composite number?
False
Is 252974893 a composite number?
False
Is 127170343 a composite number?
False
Is 43164197 a composite number?
False
Is 5620159 prime?
True
Is 278177 a composite number?
False
Is 23376019 a prime number?
False
Is 3984259 a prime number?
True
Is 5731177 composite?
False
Is 1099214 composite?
True
Is 1111483 composite?
True
Is 10654661 prime?
True
Is 196556039 composite?
False
Is 83537 composite?
False
Is 674227 a prime number?
True
Is 20501069 composite?
False
Is 8247742 composite?
True
Is 43338094 a composite number?
True
Is 34981369 a composite number?
False
Is 54204365 a composite number?
True
Is 411767533 composite?
False
Is 20260649 prime?
True
Is 34868333 a composite number?
True
Is 14851513 composite?
False
Is 24550387 a prime number?
False
Is 29532979 composite?
True
Is 63300079 composite?
False
Is 42245927 a prime number?
True
Is 107780957 composite?
True
Is 557779 prime?
True
Is 5108107 prime?
True
Is 28725163 prime?
False
Is 26524951 a composite number?
False
Is 349695787 a composite number?
True
Is 18953093 composite?
True
Is 4162583 prime?
True
Is 11754383 prime?
True
Is 6557753 composite?
False
Is 154530869 a composite number?
False
Is 28806623 a prime number?
True
Is 3368971 a composite number?
True
Is 55983509 prime?
True
Is 23637451 composite?
True
Is 46978043 prime?
False
Is 482367 a composite number?
True
Is 1212517 prime?
True
Is 54996091 prime?
False
Is 5977567 a composite number?
True
Is 31541971 a prime number?
True
Is 6475421 composite?
True
Is 5693527 prime?
False
Is 2767223 a composite number?
False
Is 73052767 a prime number?
True
Is 6102377 prime?
True
Is 9875937 a composite number?
True
Is 35097583 a prime number?
False
Is 346793 composite?
False
Is 9529 a composite number?
True
Is 113743607 a composite number?
False
Is 25018961 a composite number?
True
Is 172768403 a composite number?
False
Is 398393 prime?
True
Is 7718933 composite?
True
Is 5350853 a composite number?
True
Is 3130913 a prime number?
True
Is 367854127 prime?
True
Is 65710657 prime?
False
Is 12866639 a prime number?
False
Is 6445001 prime?
False
Is 4984913 a prime number?
True
Is 25501423 a prime number?
True
Is 2901181 a prime number?
True
Is 8283349 composite?
False
Is 15456059 a composite number?
False
Is 1458734 a prime number?
False
Is 1557665 prime?
False
Is 29751613 a composite number?
False
Is 15703367 prime?
False
Is 286999 prime?
True
Is 12840197 a prime number?
False
Is 15869531 composite?
False
Is 819563 a prime number?
True
Is 6884713 prime?
False
Is 724949189 a prime number?
True
Is 58954989 prime?
False
Is 962903 a prime number?
True
Is 43338521 prime?
True
Is 90874759 a prime number?
True
Is 7037791 a composite number?
False
Is 310331015 a prime number?
False
Is 15597611 a composite number?
True
Is 60464587 prime?
False
Is 15137993 composite?
True
Is 1962353 composite?
True
Is 60427667 a composite number?
False
Is 942343 a prime number?
False
Is 11569709 composite?
True
Is 818797307 a prime number?
True
Is 211447 a composite number?
True
Is 5715721 a prime number?
False
Is 99889721 composite?
True
Is 60329261 composite?
False
Is 10128551 a composite number?
False
Is 180893939 a composite number?
False
Is 64825217 prime?
True
Is 9824471 prime?
True
Is 7339957 a composite number?
False
Is 1499747 composite?
True
Is 119987341 a prime number?
True
Is 2192363 prime?
True
Is 1897678 composite?
True
Is 1737875045 composite?
True
Is 8495321 composite?
False
Is 29043541 composite?
False
Is 15408269 prime?
True
Is 3832207 a prime number?
True
Is 1299957 a composite number?
True
Is 13416937 prime?
False
Is 20191109 prime?
True
Is 578838883 composite?
True
Is 169707467 a prime number?
True
Is 1113053 prime?
False
Is 5987342 prime?
False
Is 40287089 prime?
True
Is 6050839 a prime number?
True
Is 5928107 prime?
True
Is 15990169 a prime number?
False
Is 4679147 a composite number?
True
Is 369970871 composite?
False
Is 12519113 a prime number?
True
Is 57822563 prime?
False
Is 385829107 a prime number?
True
Is 145518629 prime?
True
Is 100749503 a prime number?
True
Is 1431907 a composite number?
False
Is 14684533 a prime number?
False
Is 237754919 composite?
False
Is 205943951 prime?
True
Is 8017071 a composite number?
True
Is 3404651 composite?
False
Is 160579 prime?
True
Is 754241 prime?
True
Is 20359321 prime?
False
Is 5518367 a prime number?
False
Is 1304741 composite?
False
Is 7541245 a prime number?
False
Is 12773963 prime?
False
Is 146233631 a composite number?
True
Is 103273847 prime?
True
Is 65287 prime?
True
Is 8131463 prime?
True
Is 317616989 composite?
True
Is 260731 a prime number?
False
Is 21150607 a composite number?
False
Is 308824471 a composite number?
False
Is 7421309 a prime number?
False
Is 68235205 prime?
False
Is 3131059 composite?
True
Is 2885341 prime?
True
Is 9201727 a composite number?
False
Is 41449783 composite?
False
Is 51215869 a comp